he greatest common factor of 2872403136 and 928?
928
What is the highest common divisor of 603 and 1534367?
67
What is the greatest common divisor of 10336 and 1079959?
17
Calculate the highest common divisor of 1271 and 25261125.
1271
What is the highest common factor of 639879 and 302187?
789
Calculate the highest common divisor of 1684451 and 23.
23
What is the greatest common divisor of 4428 and 2125494?
54
Calculate the greatest common factor of 428756790 and 23100.
2310
Calculate the highest common factor of 210714 and 739326.
1218
Calculate the greatest common divisor of 205021 and 3532411.
3361
What is the greatest common factor of 540 and 73941228?
108
Calculate the greatest common factor of 581008649 and 4901.
4901
What is the highest common divisor of 171120 and 107295?
345
What is the greatest common factor of 342070 and 911660?
790
Calculate the highest common divisor of 12 and 92398470.
6
What is the greatest common factor of 906 and 4979678?
302
What is the highest common factor of 8034 and 197101830?
618
Calculate the greatest common divisor of 83141 and 5148887.
1171
Calculate the highest common factor of 52956262 and 116.
58
Calculate the greatest common factor of 80631850 and 2975.
425
What is the greatest common divisor of 2688 and 225556352?
896
What is the highest common factor of 21728 and 652736?
224
Calculate the greatest common divisor of 1022624249 and 31.
31
What is the highest common factor of 8316 and 43789284?
2772
Calculate the highest common factor of 13794 and 542982.
1254
Calculate the highest common factor of 460 and 5862815.
115
What is the highest common divisor of 6 and 2312582?
2
What is the greatest common divisor of 1687 and 91224766?
241
Calculate the greatest common factor of 1168 and 200323972.
292
What is the highest common divisor of 5963141 and 10807?
101
Calculate the highest common divisor of 154 and 20704222.
154
What is the highest common factor of 1360 and 37519952?
272
What is the greatest common factor of 442937522 and 5259?
1753
What is the highest common factor of 312 and 33425496?
312
What is the greatest common divisor of 206485 and 53375?
305
What is the highest common divisor of 173460 and 4920?
60
What is the highest common divisor of 121108452 and 262?
262
What is the greatest common divisor of 664964 and 33004?
148
Calculate the highest common divisor of 49265 and 11564.
59
Calculate the highest common divisor of 152 and 2719432.
152
Calculate the greatest common factor of 2330 and 1572412150.
2330
What is the highest common factor of 632 and 29971020?
316
Calculate the highest common factor of 1320512680 and 580.
580
Calculate the greatest common factor of 17655 and 34981617.
3531
Calculate the highest common divisor of 16285258 and 682.
22
What is the highest common divisor of 305 and 8331807?
61
What is the highest common divisor of 70542654 and 15288?
3822
Calculate the highest common divisor of 20515365 and 4095.
585
Calculate the highest common divisor of 90 and 544415.
5
What is the greatest common factor of 1180 and 905402200?
1180
What is the highest common divisor of 1932 and 3845646?
966
What is the highest common divisor of 26712 and 128260?
212
Calculate the highest common divisor of 515 and 24840305.
5
Calculate the greatest common factor of 10803105 and 43.
43
What is the greatest common divisor of 9952267 and 446?
223
What is the highest common divisor of 11425309 and 68?
17
Calculate the highest common divisor of 109064320 and 640.
640
Calculate the highest common factor of 122907 and 689.
53
Calculate the greatest common factor of 48 and 245144616.
24
Calculate the greatest common factor of 2048139 and 1431.
27
What is the highest common divisor of 37170 and 58197510?
630
Calculate the greatest common factor of 1859641 and 28.
7
Calculate the greatest common factor of 17066291 and 958.
479
What is the greatest common factor of 1527 and 438339093?
1527
What is the greatest common factor of 22 and 19816436?
2
Calculate the highest common factor of 466 and 2567893.
233
What is the greatest common factor of 118011401 and 10216?
1277
What is the highest common divisor of 2012111689 and 12173?
12173
Calculate the greatest common factor of 952 and 1920587172.
476
What is the highest common divisor of 9006 and 1677012?
474
Calculate the highest common divisor of 1274798 and 40446.
1498
What is the highest common divisor of 114 and 1920570?
6
What is the greatest common factor of 29403 and 1323993?
33
Calculate the greatest common factor of 24 and 43763352.
24
What is the highest common divisor of 582181350 and 300?
150
What is the greatest common divisor of 36927 and 15993?
9
Calculate the highest common divisor of 13464572 and 3212.
44
Calculate the highest common factor of 700 and 19156445.
35
Calculate the greatest common divisor of 154359 and 279.
9
What is the greatest common factor of 3604 and 221865844?
3604
Calculate the greatest common divisor of 47094097 and 85.
17
Calculate the highest common factor of 13613733 and 35.
7
Calculate the greatest common factor of 357 and 17414614.
7
Calculate the greatest common factor of 1654 and 13471830.
1654
Calculate the highest common factor of 91 and 8689863.
91
Calculate the greatest common divisor of 36321885 and 900.
45
Calculate the greatest common factor of 1735144452 and 74.
74
Calculate the highest common factor of 4436021 and 334.
167
Calculate the highest common divisor of 87887285 and 3020.
755
Calculate the greatest common factor of 167660 and 2655795.
505
What is the greatest common divisor of 5236 and 4354108?
748
What is the highest common factor of 285 and 10455315?
15
Calculate the greatest common factor of 11915 and 84360583.
2383
What is the greatest common divisor of 48 and 66653?
1
Calculate the greatest common divisor of 36570 and 1680630.
1590
What is the greatest common divisor of 219955659 and 462?
231
Calculate the highest common divisor of 32490 and 37522701.
3249
Calculate the greatest common divisor of 3306625 and 24500.
875
What is the highest common factor of 146 and 15999118?
146
Calculate the highest common divisor of 2945 and 696445.
95
What is the highest common factor of 116665488 and 324?
108
Calculate the greatest common divisor of 5060 and 143860.
20
Calculate the greatest common divisor of 6840228 and 66063.
1083
Calculate the greatest common factor of 2952526 and 44030.
1258
Calculate the highest common divisor of 101296 and 42936842.
12662
What is the greatest common divisor of 38553147 and 342?
171
Calculate the greatest common divisor of 6060 and 572280.
60
Calculate the highest common divisor of 24648 and 11815477.
79
Calculate the highest common divisor of 96144 and 214152.
24
What is the greatest common divisor of 14 and 380359630?
14
Calculate the greatest common divisor of 819 and 8783229.
273
Calculate the highest common factor of 56 and 75608204.
28
Calculate the greatest common factor of 2287056 and 29667.
2697
Calculate the highest common divisor of 15184 and 76310.
26
What is the greatest common factor of 928 and 600576?
32
What is the highest common divisor of 5395 and 4977635?
65
Calculate the highest common divisor of 16973275 and 6655.
605
Calculate the greatest common factor of 6361 and 860738715.
6361
Calculate the highest common divisor of 540 and 9687555.
45
What is the highest common divisor of 72 and 48938688?
72
Calculate the highest common factor of 3859 and 147033.
17
Calculate the highest common factor of 2254 and 49070063.
161
What is the greatest common divisor of 4891 and 781153?
67
What is the highest common divisor of 675838474 and 94?
94
Calculate the highest common divisor of 576 and 5333112.
72
Calculate the highest common divisor of 1195213 and 16281.
67
Calculate the highest common factor of 9747 and 34140492.
3249
Calculate the greatest common factor of 1985 and 22760.
5
Calculate the highest common divisor of 32271394 and 4.
2
What is the greatest common factor of 704 and 1363032?
88
Calculate the greatest common factor of 163158 and 17040.
426
What is the highest common factor of 147 and 24233685?
147
Calculate the greatest common divisor of 136366440 and 134.
134
Calculate the greatest common factor of 187 and 1505801.
11
Calculate the hi